{"id":127,"date":"2018-05-01T21:43:27","date_gmt":"2018-05-01T18:43:27","guid":{"rendered":"https:\/\/sandbox.procio.fi\/?page_id=127"},"modified":"2019-09-05T15:25:21","modified_gmt":"2019-09-05T12:25:21","slug":"meista","status":"publish","type":"page","link":"https:\/\/procio.fi\/en\/meista\/","title":{"rendered":"Arvontekij\u00e4mme"},"content":{"rendered":"<p><\/p>\n<h3><strong>Mikko Paalasmaa<\/strong><\/h3>\n<p><img loading=\"lazy\" decoding=\"async\" class=\"size-medium wp-image-187 alignright\" src=\"https:\/\/www.procio.fi\/wp-content\/uploads\/sites\/2\/2018\/05\/Mikko-256x300.jpg\" alt=\"\" width=\"256\" height=\"300\" srcset=\"https:\/\/procio.fi\/wp-content\/uploads\/sites\/2\/2018\/05\/Mikko-256x300.jpg 256w, https:\/\/procio.fi\/wp-content\/uploads\/sites\/2\/2018\/05\/Mikko.jpg 443w\" sizes=\"auto, (max-width: 256px) 100vw, 256px\" \/><\/p>\n<p>Mikko on liiketoiminnan ja ICT:n liimaaja sek\u00e4 projektitoiminnan kehitt\u00e4j\u00e4. Mikko on ty\u00f6urallaan toiminut \u201dmolemmilla puolilla p\u00f6yt\u00e4\u00e4\u201d niin palveluiden ostajana kuin niiden tuottajanakin. H\u00e4n tuo mukanaan toimitusjohtajan ja tietohallintojohtajan osaamisen sek\u00e4 k\u00e4\u00e4rii tarvittaessa hihat. <a href=\"https:\/\/www.linkedin.com\/in\/mikkopaalasmaa\/\" target=\"_blank\" rel=\"noopener noreferrer\">LinkedIn profiili<\/a><\/p>\n<p>mikko.paalasmaa@procio.fi<br \/>\n050-502 6418<\/p>\n<h3><strong>Tomi Kaski<\/strong><\/h3>\n<p><img loading=\"lazy\" decoding=\"async\" class=\"alignright wp-image-184 size-medium\" src=\"https:\/\/www.procio.fi\/wp-content\/uploads\/sites\/2\/2018\/05\/Tomi-rento-258x300.jpg\" alt=\"\" width=\"258\" height=\"300\" srcset=\"https:\/\/procio.fi\/wp-content\/uploads\/sites\/2\/2018\/05\/Tomi-rento-258x300.jpg 258w, https:\/\/procio.fi\/wp-content\/uploads\/sites\/2\/2018\/05\/Tomi-rento-768x892.jpg 768w, https:\/\/procio.fi\/wp-content\/uploads\/sites\/2\/2018\/05\/Tomi-rento-882x1024.jpg 882w\" sizes=\"auto, (max-width: 258px) 100vw, 258px\" \/>Tomi tuo meille kansainv\u00e4lisen johtamis- ja myynninkehitt\u00e4misosaamisen. Tomi on toiminut kansainv\u00e4lisiss\u00e4 ICT-organisaatioissa konsulttina, myyj\u00e4n\u00e4, tarjoaman- ja myynninkehitt\u00e4j\u00e4n\u00e4, valmentajana sek\u00e4 my\u00f6s palveluiden ostajana. H\u00e4nell\u00e4 on vankka kokemus monikulttuuristen tiimien johtamisesta ja johtoryhm\u00e4ty\u00f6skentelyst\u00e4. <a style=\"font-size: 1.125rem;\" href=\"https:\/\/www.linkedin.com\/in\/tomi-kaski\/\" target=\"_blank\" rel=\"noopener noreferrer\">LinkedIn profiili<\/a><\/p>\n<p>tomi.kaski@procio.fi<br \/>\n040-7725474<\/p>\n<h3><strong>Taru Paalasmaa<\/strong><\/h3>\n<p><img loading=\"lazy\" decoding=\"async\" class=\"alignright wp-image-256\" src=\"https:\/\/www.procio.fi\/wp-content\/uploads\/sites\/2\/2018\/06\/IMG_9022_-251x300.jpg\" alt=\"\" width=\"256\" height=\"306\" srcset=\"https:\/\/procio.fi\/wp-content\/uploads\/sites\/2\/2018\/06\/IMG_9022_-251x300.jpg 251w, https:\/\/procio.fi\/wp-content\/uploads\/sites\/2\/2018\/06\/IMG_9022_-768x917.jpg 768w, https:\/\/procio.fi\/wp-content\/uploads\/sites\/2\/2018\/06\/IMG_9022_-857x1024.jpg 857w, https:\/\/procio.fi\/wp-content\/uploads\/sites\/2\/2018\/06\/IMG_9022_.jpg 982w\" sizes=\"auto, (max-width: 256px) 100vw, 256px\" \/>Taru tuo mukanaan koulutusosaamisen ja ymm\u00e4rryksen erilaisista oppimis- ja ty\u00f6skentelytavoista. H\u00e4n on erikoistunut kokonaisuuksien hallintaan, tunnistamaan mahdolliset sudenkuopat sek\u00e4 opponointiin kinkkisiss\u00e4kin tilanteissa. Takataskusta l\u00f6ytyy yleens\u00e4 my\u00f6s back-up plan tilanteeseen kuin tilanteeseen.<\/p>\n<p>taru.paalasmaa@procio.fi<br \/>\n050-539 0909<\/p>\n<h3><strong>Molemmin puolin p\u00f6yt\u00e4\u00e4 -verkostomme<\/strong><\/h3>\n<p>Olemme koonneet asiantuntija\/johtaja -verkoston, joiden kokemus ja osaaminen kattaa kaikki keskeiset organisaation ulkoiset ja sis\u00e4iset toiminnot ja prosessit. Keskeisi\u00e4 valintatekij\u00f6it\u00e4 molemmin puolin p\u00f6yt\u00e4\u00e4 -j\u00e4seneksi ovat mm: substanssiosaaminen ja johtamiskokemus omalta alueeltaan ml. riitt\u00e4v\u00e4sti opiksi otettuja ep\u00e4onnistumisia, uskallus puhua suoraan ja esitt\u00e4\u00e4 n\u00e4kemyksi\u00e4\u00e4n kuunneltuaan ensin osapuolia, ty\u00f6paja &#8211; ja valmennustaidot, yritt\u00e4jyys\/yritt\u00e4j\u00e4henkisyys, erilaiset persoonat ja k\u00e4ytt\u00e4ytymistyylit, jotta p\u00f6yt\u00e4mme osaaminen kattaa my\u00f6s asiakkaidemme erilaiset tyylit.<\/p>\n<h3><strong>Projektien resurssointi<\/strong><\/h3>\n<p>Olemme varmistaneet yhteisy\u00f6sopimuksin ett\u00e4 asiakkaidemme k\u00e4ytett\u00e4viss\u00e4 on hyv\u00e4t ammattilaiset aina projektinhallinnasta yksitt\u00e4seen ICT teknologiaosaamistrpeeseen. Verkostomme laatu ja laajuus on havaittu hyv\u00e4ksi useammassa asiakastoimeksiannossa.<\/p>","protected":false},"excerpt":{"rendered":"<p>Mikko Paalasmaa Mikko on liiketoiminnan ja ICT:n liimaaja sek\u00e4 projektitoiminnan kehitt\u00e4j\u00e4. Mikko on ty\u00f6urallaan toiminut \u201dmolemmilla puolilla p\u00f6yt\u00e4\u00e4\u201d niin palveluiden ostajana kuin niiden tuottajanakin. H\u00e4n tuo mukanaan toimitusjohtajan ja tietohallintojohtajan osaamisen sek\u00e4 k\u00e4\u00e4rii tarvittaessa hihat. LinkedIn profiili mikko.paalasmaa@procio.fi 050-502 6418 Tomi Kaski Tomi tuo meille kansainv\u00e4lisen johtamis- ja myynninkehitt\u00e4misosaamisen. Tomi on toiminut kansainv\u00e4lisiss\u00e4 ICT-organisaatioissa konsulttina, &hellip; <\/p>\n<p class=\"link-more\"><a href=\"https:\/\/procio.fi\/en\/meista\/\" class=\"more-link\">Continue reading<span class=\"screen-reader-text\"> &#8220;Arvontekij\u00e4mme&#8221;<\/span><\/a><\/p>\n","protected":false},"author":2,"featured_media":0,"parent":0,"menu_order":0,"comment_status":"closed","ping_status":"closed","template":"","meta":{"_acf_changed":false,"_exactmetrics_skip_tracking":false,"_exactmetrics_sitenote_active":false,"_exactmetrics_sitenote_note":"","_exactmetrics_sitenote_category":0,"footnotes":""},"class_list":["post-127","page","type-page","status-publish","hentry"],"acf":[],"_links":{"self":[{"href":"https:\/\/procio.fi\/en\/wp-json\/wp\/v2\/pages\/127","targetHints":{"allow":["GET"]}}],"collection":[{"href":"https:\/\/procio.fi\/en\/wp-json\/wp\/v2\/pages"}],"about":[{"href":"https:\/\/procio.fi\/en\/wp-json\/wp\/v2\/types\/page"}],"author":[{"embeddable":true,"href":"https:\/\/procio.fi\/en\/wp-json\/wp\/v2\/users\/2"}],"replies":[{"embeddable":true,"href":"https:\/\/procio.fi\/en\/wp-json\/wp\/v2\/comments?post=127"}],"version-history":[{"count":15,"href":"https:\/\/procio.fi\/en\/wp-json\/wp\/v2\/pages\/127\/revisions"}],"predecessor-version":[{"id":507,"href":"https:\/\/procio.fi\/en\/wp-json\/wp\/v2\/pages\/127\/revisions\/507"}],"wp:attachment":[{"href":"https:\/\/procio.fi\/en\/wp-json\/wp\/v2\/media?parent=127"}],"curies":[{"name":"wp","href":"https:\/\/api.w.org\/{rel}","templated":true}]}}

Arvontekijämme

<p></p>
<h3><strong>Mikko Paalasmaa</strong></h3>
<p><img loading="lazy" decoding="async" class="size-medium wp-image-187 alignright" src="https://www.procio.fi/wp-content/uploads/sites/2/2018/05/Mikko-256x300.jpg" alt="" width="256" height="300" srcset="https://procio.fi/wp-content/uploads/sites/2/2018/05/Mikko-256x300.jpg 256w, https://procio.fi/wp-content/uploads/sites/2/2018/05/Mikko.jpg 443w" sizes="auto, (max-width: 256px) 100vw, 256px" /></p>
<p>Mikko on liiketoiminnan ja ICT:n liimaaja sekä projektitoiminnan kehittäjä. Mikko on työurallaan toiminut ”molemmilla puolilla pöytää” niin palveluiden ostajana kuin niiden tuottajanakin. Hän tuo mukanaan toimitusjohtajan ja tietohallintojohtajan osaamisen sekä käärii tarvittaessa hihat. <a href="https://www.linkedin.com/in/mikkopaalasmaa/" target="_blank" rel="noopener noreferrer">LinkedIn profiili</a></p>
<p>mikko.paalasmaa@procio.fi<br />
050-502 6418</p>
<h3><strong>Tomi Kaski</strong></h3>
<p><img loading="lazy" decoding="async" class="alignright wp-image-184 size-medium" src="https://www.procio.fi/wp-content/uploads/sites/2/2018/05/Tomi-rento-258x300.jpg" alt="" width="258" height="300" srcset="https://procio.fi/wp-content/uploads/sites/2/2018/05/Tomi-rento-258x300.jpg 258w, https://procio.fi/wp-content/uploads/sites/2/2018/05/Tomi-rento-768x892.jpg 768w, https://procio.fi/wp-content/uploads/sites/2/2018/05/Tomi-rento-882x1024.jpg 882w" sizes="auto, (max-width: 258px) 100vw, 258px" />Tomi tuo meille kansainvälisen johtamis- ja myynninkehittämisosaamisen. Tomi on toiminut kansainvälisissä ICT-organisaatioissa konsulttina, myyjänä, tarjoaman- ja myynninkehittäjänä, valmentajana sekä myös palveluiden ostajana. Hänellä on vankka kokemus monikulttuuristen tiimien johtamisesta ja johtoryhmätyöskentelystä. <a style="font-size: 1.125rem;" href="https://www.linkedin.com/in/tomi-kaski/" target="_blank" rel="noopener noreferrer">LinkedIn profiili</a></p>
<p>tomi.kaski@procio.fi<br />
040-7725474</p>
<h3><strong>Taru Paalasmaa</strong></h3>
<p><img loading="lazy" decoding="async" class="alignright wp-image-256" src="https://www.procio.fi/wp-content/uploads/sites/2/2018/06/IMG_9022_-251x300.jpg" alt="" width="256" height="306" srcset="https://procio.fi/wp-content/uploads/sites/2/2018/06/IMG_9022_-251x300.jpg 251w, https://procio.fi/wp-content/uploads/sites/2/2018/06/IMG_9022_-768x917.jpg 768w, https://procio.fi/wp-content/uploads/sites/2/2018/06/IMG_9022_-857x1024.jpg 857w, https://procio.fi/wp-content/uploads/sites/2/2018/06/IMG_9022_.jpg 982w" sizes="auto, (max-width: 256px) 100vw, 256px" />Taru tuo mukanaan koulutusosaamisen ja ymmärryksen erilaisista oppimis- ja työskentelytavoista. Hän on erikoistunut kokonaisuuksien hallintaan, tunnistamaan mahdolliset sudenkuopat sekä opponointiin kinkkisissäkin tilanteissa. Takataskusta löytyy yleensä myös back-up plan tilanteeseen kuin tilanteeseen.</p>
<p>taru.paalasmaa@procio.fi<br />
050-539 0909</p>
<h3><strong>Molemmin puolin pöytää -verkostomme</strong></h3>
<p>Olemme koonneet asiantuntija/johtaja -verkoston, joiden kokemus ja osaaminen kattaa kaikki keskeiset organisaation ulkoiset ja sisäiset toiminnot ja prosessit. Keskeisiä valintatekijöitä molemmin puolin pöytää -jäseneksi ovat mm: substanssiosaaminen ja johtamiskokemus omalta alueeltaan ml. riittävästi opiksi otettuja epäonnistumisia, uskallus puhua suoraan ja esittää näkemyksiään kuunneltuaan ensin osapuolia, työpaja &#8211; ja valmennustaidot, yrittäjyys/yrittäjähenkisyys, erilaiset persoonat ja käyttäytymistyylit, jotta pöytämme osaaminen kattaa myös asiakkaidemme erilaiset tyylit.</p>
<h3><strong>Projektien resurssointi</strong></h3>
<p>Olemme varmistaneet yhteisyösopimuksin että asiakkaidemme käytettävissä on hyvät ammattilaiset aina projektinhallinnasta yksittäseen ICT teknologiaosaamistrpeeseen. Verkostomme laatu ja laajuus on havaittu hyväksi useammassa asiakastoimeksiannossa.</p>

<p>Mikko Paalasmaa Mikko on liiketoiminnan ja ICT:n liimaaja sekä projektitoiminnan kehittäjä. Mikko on työurallaan toiminut ”molemmilla puolilla pöytää” niin palveluiden ostajana kuin niiden tuottajanakin. Hän tuo mukanaan toimitusjohtajan ja tietohallintojohtajan osaamisen sekä käärii tarvittaessa hihat. LinkedIn profiili mikko.paalasmaa@procio.fi 050-502 6418 Tomi Kaski Tomi tuo meille kansainvälisen johtamis- ja myynninkehittämisosaamisen. Tomi on toiminut kansainvälisissä ICT-organisaatioissa konsulttina, &hellip; </p>
<p class="link-more"><a href="https://procio.fi/en/meista/" class="more-link">Continue reading<span class="screen-reader-text"> &#8220;Arvontekijämme&#8221;</span></a></p>
